 Let w(x) = 7*c(x) + 2*o(x). Calculate w(3).
-1
Let x be (-1)/(-4) + 10/(-8). Let m be -3*x/(-3)*-5. Let s(o) = o**2 - 20*o + 0*o**2 + 13*o + 4. Determine s(m).
-6
Let g(i) = 5*i + 2. Suppose 2 + 7 = 3*y. Suppose -8 + 2 = y*h. Calculate g(h).
-8
Suppose -2*i - 3*i = -3*a - 32, 5*a + 8 = -3*i. Let p(l) = 2*l - 5. Let x be p(i). Let z(v) = -x*v + 5*v + v**2 - 3*v**2 + 2. Give z(2).
-2
Let y(g) = 2*g + 1. Let b(h) = -3*h - 1. Let a(o) = -5*b(o) - 7*y(o). Give a(6).
4
Let z(k) = -3*k**2 + 28*k + 25. Let i(p) = -p**2 + 9*p + 8. Let r(a) = -7*i(a) + 2*z(a). Determine r(7).
-6
Let x(z) be the third derivative of -z**4/12 + 3*z**2. What is x(5)?
-10
Suppose -2*y + 3*y + 5 = 0. Let b = -11 - -13. Let d(s) = -s + 4 + 4*s - b + 3. Determine d(y).
-10
Let v(c) = -c**3 - c**2 + c - 1. Let p = 11 - 5. Let n(x) = 5*x**3 - 9*x + 10. Let m(a) = p*v(a) + n(a). Calculate m(-5).
-6
Let j(c) = -3*c + 5. Let r(v) = -2*v - 7. Let d be r(-6). Give j(d).
-10
Let o(u) = -9*u**2 + 1. Suppose -5*g - 16 = -g. Let p be (-1 - g)*(-1)/(-3). Let n be p + (0 - 0/(-3)). Give o(n).
-8
Suppose 0 = -5*z + 6*z - 3. Suppose -c - 12 = -z*c. Let p(q) = 3*q - 8. Give p(c).
10
Let d(g) = g**2 - 6*g - 2. Suppose 1 = -3*y + 16. Determine d(y).
-7
Suppose 3*v = 2*j + v - 16, 1 = -j - 2*v. Let i(y) = -2*y. Calculate i(j).
-10
Let r(x) = -x**3 - 3*x**2 + x - 2. Let v = -68 - -66. Calculate r(v).
-8
Let w(n) = 36*n. Let u(r) = r. Let h(f) = 66*u(f) - 2*w(f). Determine h(-1).
6
Suppose 0 = -2*t + 5*m - 20, 5*t + m - 3*m + 50 = 0. Let n = t + 5. Let f(p) = -3*p**3 + 5*p - 4*p**2 + 2 - p + 2*p**3. What is f(n)?
7
Let w(t) = -3*t - 7. Suppose -3*g = 4 - 16. Suppose -g*u = 3*c + 26, 5*u + 4*c + 33 = -0*c. What is w(u)?
8
Let k(u) = -u**2 - 4*u - 3. Let z be 12 + -9 - (-4 + 1). Let w = -10 + z. Give k(w).
-3
Let c(q) = -2*q. Let s = 14 - 11. Give c(s).
-6
Let w be 0/(-2 + 2 + -1). Let n(h) = -h**2 + 4*h - 7. Let u(a) = a**2 - 3*a + 6. Let j(b) = -3*n(b) - 4*u(b). Calculate j(w).
-3
Let l(z) = -z - 3. Let a(b) = b - 3. Let p be 0*(2 - 1)*-1. Let h be a(p). Let m be h/6*(-2 - -10). Calculate l(m).
1
Let q(z) = -z**3 + 2*z**2 + 4*z. Let f be (-10)/35 - (-48)/21. Suppose 5*j - v = v - 4, j + 8 = 4*v. Suppose -f*s + 2 + 4 = j. What is q(s)?
3
Let y(b) = -10*b**2 + 1. Let d = -27 + 13. Let l = d + 15. What is y(l)?
-9
Let t be (5 + 1)/(6/15). Suppose -4*g = -20, 0*a - 2*g + t = 5*a. Let w(r) = -r**3 + 2*r**2 + r - 1. Determine w(a).
1
Let z(h) = -h**3 + h**2. Suppose 0 = g - 0*g. Suppose 2*o + 2*u = -g*u - 6, 3*o - 5*u = 31. What is z(o)?
-4
Let o(c) = -5*c**3 + 6*c**2 - 3*c - 7. Let y(i) = -2*i**3 + 3*i**2 - 2*i - 3. Let w(g) = 3*o(g) - 7*y(g). Give w(-4).
-4
Suppose -1 = -2*i + z, 4*i + 1 = -5*z - 4. Suppose -2*a + 5 = 3*a. Let l(h) = -a + 2 + h - 3. Give l(i).
-2
Let c(p) be the third derivative of -p**6/120 + p**5/60 + 4*p**3/3 + 2*p**2. What is c(0)?
8
Suppose 5*w - 54 + 14 = 0. Suppose m + w = -2*o, 4*o + 10 = -3*m - 8. Let p(g) = -4*g - g - 1 + 3*g. Determine p(o).
5
Let h(r) = r**3 - r**2 + 17. Suppose 0 = -6*l + 7*l. Suppose -2*a = x - a - 3, -5*x + a - 3 = l. Calculate h(x).
17
Suppose 0 = 2*c - 2 - 8. Let a(o) be the third derivative of o**5/60 - o**4/6 - o**3/6 + o**2. Calculate a(c).
4
Let d(g) = g**2 + 5*g + 5. Let m = -8 + 28. Suppose 8*p = 3*p - m. What is d(p)?
1
Suppose 0 = 5*y - 0*y + 10. Let o(f) = -3*f**2 - 2*f + 2. What is o(y)?
-6
Let t(x) be the third derivative of x**8/6720 + x**7/504 + x**6/360 - x**5/120 - x**4/12 - 4*x**2. Let q(j) be the second derivative of t(j). Give q(-5).
-11
Let z(b) = 3*b**2 + 3*b + 3. Let q(w) = -w**3 + 3*w**2 + 2. Let o be q(3). Suppose -3*l + o*l - 7 = 0. Let g = 5 + l. Calculate z(g).
9
Let g(p) = -2*p + 11. Let d be g(6). Let k(t) = -t**2 - t. Give k(d).
0
Let o = 46 + -31. Let w be 1/3 - 35/o. Let r(y) = -5*y - 1. Determine r(w).
9
Let h(j) = -j**2 + 5*j + 3. Suppose 42 - 6 = 3*c. Suppose 3*n = -0*n + c. Calculate h(n).
7
Suppose 4*a - 3 = q, 5*q - 3*a = 52 + 1. Let m be (q - 14) + (-6)/(-1). Let b(w) be the first derivative of w**3/3 - 5*w**2/2 - 4*w + 1. Determine b(m).
-4
Suppose -3*m - d + 13 = -5*d, -2*m + d = -7. Let j(b) be the second derivative of -4*b + 5*b**2 + 1/6*b**m + 0. What is j(0)?
10
Let i(y) = 7*y**2 + 23*y - 1. Let n(t) be the third derivative of -t**5/15 - t**4/2 + t**3/6 + 2*t**2. Let h(c) = 3*i(c) + 5*n(c). Give h(-6).
-16
Let l(i) = i**3 - 4*i**2 - 2*i - 6. Let b(s) = -3*s**3 + 12*s**2 + 7*s + 17. Let n(u) = 4*b(u) + 11*l(u). Give n(5).
7
Suppose -2*h = h - 2*d - 1, -4*h + 5*d + 6 = 0. Let w(p) = p + 0 + p**3 - 3 + 3*p**3 + 4. Determine w(h).
-4
Let t(r) = 6*r**3 + 2*r**2 - r. Let f(v) be the second derivative of 1/6*v**3 + 0 - 3*v + 9/2*v**2. Let w be f(-8). Determine t(w).
7
Let u(k) = 4*k**3 - k**2 - k + 1. Let d be u(1). Let m(y) = 2*y**2 - 3*y - 3. Give m(d).
6
Let o(f) = -f**3 + 6*f**2 - 3*f - 6. Let b(k) = k + 10. Let p be b(-5). Let v = -11 - -14. Suppose -v*d + p = -10. Give o(d).
4
Let q(s) = -9*s**3 - 11*s**2 - 3*s + 11. Let n(r) = 3*r**3 + 4*r**2 + r - 4. Let a(c) = -11*n(c) - 4*q(c). Determine a(1).
4
Let t(q) = q + 19 + 17 - 28. Let j(c) = 1. Let s(o) = -6*j(o) + t(o). What is s(-6)?
-4
Let q(l) be the second derivative of l**3/2 - l**2 - 193*l. Suppose 0*j - 8 = 2*j. Let t = -2 - j. Calculate q(t).
4
Let r(h) = h + 1. Let t(d) = d**2 - d - 1. Let y(o) = 4*o**2 - 1. Let n(s) = -6*t(s) + y(s). Let b(l) = -n(l) + 6*r(l). What is b(-1)?
3
Suppose -n = 4*n. Let h(u) be the third derivative of u**3 + 5*u**2 + 0 + 0*u - 1/24*u**4. Determine h(n).
6
Let y(g) = -2*g**2 - 5*g**2 + 10*g + 148 - g**3 - 139. Give y(-8).
-7
Let l(d) be the second derivative of -d**3/6 + 5*d**2/2 + 2*d + 26. Let x be 0*(-2 + 3/2). Suppose 3*s + 0*s - 15 = x. Calculate l(s).
0
Let n(l) = -6*l + 2*l**2 - 3*l**2 + 0*l**2 + 2 + 2*l. Let q = 8 - 12. Determine n(q).
2
Let t be 52/14 + 2/7. Suppose 3*w = 4*c + 2, -t*w - 4*c + 2*c = -10. Let s(z) = 5*z - w - 1 - 4*z. What is s(2)?
-1
Let w(v) = 8*v**3 + 2*v**2 + v. Let k = 21 + -22. What is w(k)?
-7
Let h(x) be the first derivative of -x**3/3 + 9*x**2/2 - 9*x - 8. Give h(8).
-1
Let r(q) = -q**2 + 2*q - 3. Suppose -7 + 1 = -2*d. What is r(d)?
-6
Let n = 2 + -2. Let u(c) = -4*c - 7*c + 12*c - 4. Calculate u(n).
-4
Let x(k) = -2*k**2 - 6*k + 7. Suppose 5*u + 37 - 7 = 0. Calculate x(u).
-29
Suppose 0 = -b + 2*b - 3. Let m(g) be the third derivative of g**5/30 - g**4/6 + g**3/3 + g**2. Calculate m(b).
8
Let i(j) = j**2 + 4*j - 3. Let a(y) = -y + 4. Let k be a(4). Suppose k = -5*s - 2 + 42. Suppose s - 40 = 5*q + 4*x, -5*x - 3 = -3*q. What is i(q)?
-3
Let u(k) be the third derivative of k**6/120 + k**5/20 + k**3/3 - 16*k**2. Give u(-3).
2
Suppose -1 = 2*l - i, -5*l + 5*i - 3 - 12 = 0. Suppose -j = 3*b - 3, b - 3*j - 2 + 1 = 0. Let d(h) = -4*h - 2*h**3 - 2 - b + 4*h**2 + 5. What is d(l)?
-6
Let z = -9 - -14. Suppose -3*c + 2 = -z*o + 11, 5*c - 22 = -4*o. Let b(j) = 3 - 6 - 4*j + 2*j**2 - j**c. Determine b(3).
-6
Let u(c) = -7*c**2 - 1. Let k(w) = -11*w**2 - 2. Let m(o) = 5*k(o) - 8*u(o). Let x(a) = -a + 7. Let r be x(6). Suppose 3*i + r + 5 = 0. Determine m(i).
2
Let l = -82 - -82. Let n(h) = -h + 1. Let i(f) = -f**2 + 3*f - 3. Let x be i(2). Let k(c) = -3*c - 4. Let q(m) = x*k(m) + 2*n(m). What is q(l)?
6
Let u be (-198)/(-42) + (-4)/(-14). Let s(n) = n - 10. Calculate s(u).
-5
Let z(o) = -o. Let v = 3 - 3. Let t(p) = p**3 - 4*p**2 - 4*p. Let c be t(5). Suppose -c = w - v. What is z(w)?
5
Suppose 0 = -0*l - 5*l + 25. Let b(y) = y - 4. Let j be b(5). Let w(r) = 5*r + 3*r**3 - 5*r**2 - 2*r**3 - 4*r + j. Calculate w(l).
6
Let b(u) = u**2 + 14*u + 1 - 14*u. Give b(2).
5
Let z(i) = -i**3 - 6*i**2 - 3*i + 7. Let c be z(-5). Let d(w) = -w + 8. Let r be d(6). Let g(n) = r*n - 2 + 4 + 1. Determine g(c).
-3
Let h(k) = -3*k + 2. Let r(c) = -2*c + 1. Let s(m) = -4*h(m) + 9*r(m). What is s(2)?
-11
Let o(q) be the first derivative of q**4/24 + 5*q**3/6 + 2*q**2 + 5. Let k(u) be the second derivative of o(u). What is k(4)?
9
Let i(v) be the second derivative of v**3/6 + v**2/2 + v. Let s(q) be the first derivative of q**2/2 + 3. Let o(x) = 4*i(x) - 3*s(x). What is o(-4)?
0
Let s(w) be the first derivative of w**4/4 + w**3/3 - w**2/2 - w + 9. Let f(q) = 6*q**3 - 2*q**2 + q + 3. Let x(o) = f(o) + 2*s(o). Calculate x